
-17
Let g be (45/(-55) - -1) + 1250/22. Let r(s) = -s + 67 - 120 + g. What is r(5)?
-1
Let z(g) be the third derivative of -g**6/120 + g**5/6 - g**4/8 + 7*g**3/6 - 37*g**2 - 2. Let c be (128/96)/((-2)/(-15)). Determine z(c).
-23
Let l(w) = -w**2 + 2405 - 1188 - 1195. Determine l(6).
-14
Let v(r) be the second derivative of r**5/60 - r**3/2 + 11*r**2 + 31*r + 2. Let a(k) be the first derivative of v(k). What is a(-4)?
13
Suppose 4*c - 2*g - 16 = 0, 0*c - 2 = -2*c - 2*g. Suppose -4*o + 19 = -c*z, -2*z - 3*z - 1 = o. Let v(t) = 3*t. Calculate v(z).
-3
Let b(g) = g**2 + 6*g - 41. Let y = 4861 + -4870. What is b(y)?
-14
Let d be 12 + (-2)/9 + 174/54. Let w(k) = -d*k - 16*k + 36*k + 1 - 11*k. Give w(-3).
19
Let r(s) = -4*s - 191. Let j(g) = -g + 27. Let d(x) = -7*j(x) - r(x). Calculate d(-1).
-9
Let t(o) = -28*o - 50. Let h be t(-13). Let g(i) = -4*i + 0*i - h + 313. Give g(-3).
11
Let f be 9/2 - 1/2. Let p(l) = 23*l + 8*l + 1 - 28*l. Calculate p(f).
13
Let v(h) = 22373*h**2 + 22377*h**2 + h**3 - 16*h - 44745*h**2 - 6. What is v(-7)?
8
Let b(a) = 70 - 4*a + 3*a - 71. Let r(q) = -3*q**2 - 2*q - q - 1 + 7*q**2 - 5*q**2. Let c(t) = -5*b(t) + r(t). What is c(5)?
-11
Let n(y) be the first derivative of -y**4/4 + 4*y**3/3 + 2*y**2 - 10*y - 4. Let l = -51887 - -51891. What is n(l)?
6
Suppose 0 = -l - 3*f - 10, 5*l = f + 11 + 19. Suppose -l*b = -4*b - 8. Let r(w) = w**2 - 8*w + 7. Give r(b).
7
Let q(h) be the first derivative of h**4/24 - h**3/3 + 3*h**2/2 + 32*h + 36. Let k(t) be the second derivative of q(t). Determine k(-2).
-4
Let d(x) = -x**3 - 7*x**2 + 7*x + 3. Let c(n) = -n**3 - n**2 + 43*n - 1. Suppose -3*y + 4*v = v + 21, y - 3*v + 7 = 0. Let z be c(y). Give d(z).
11
Let s(o) = o**3 - o**2 - o - 4. Suppose 2*w = 11*w - 1044. Suppose w + 80 = 4*x. Suppose -x*m = -54*m. Calculate s(m).
-4
Let g(y) be the third derivative of 4*y**2 - 1/3*y**3 + 0*y + 0 + 1/24*y**4. Let m(s) = 3*s**2 + 43*s + 11. Let r be m(-14). Give g(r).
-5
Let i be (-9)/2*(-120)/(-18). Let a be (27/i + 14/35)*-4. Let m(v) = -3*v + 5*v + 1 - 7*v - 2. Give m(a).
-11
Suppose v + 3*f + f - 12 = 0, -5*f = -20. Let w(a) = a - 1. Let y(d) = -4*d - 4. Let p(k) = w(k) + y(k). Give p(v).
7
Suppose -534*h - 20 = -530*h. Let x be (3/(-5))/(h/25). Let c(z) = z**2 - 2*z + 2. Determine c(x).
5
Let q = 67 - 75. Let a be 32/q - (-7 + 0). Suppose -5*g + 5*k = 0, a*g + g - 3*k + 3 = 0. Let l(z) = -z - 2. What is l(g)?
1
Let q(h) be the first derivative of -h**4/4 + 28*h**3/3 - 37*h**2 - 29*h + 2158. Give q(25).
-4
Suppose 10*g = 150 + 70. Suppose -2*c - g = -10. Let i(r) = r**2 + r. Let l(t) = -5*t**2 - 8*t + 8. Let a(y) = 4*i(y) + l(y). Give a(c).
-4
Let b(y) = -y**2 - 5*y. Let s(d) = -d**3 + 14*d**2 - 32*d - 19. Let o be s(11). Calculate b(o).
-24
Let v be 26/8 - 7/((-196)/21). Suppose 129 + 15 = v*i. Let u(j) = 22*j + 22*j - 2 + 3 - i*j. Determine u(-1).
-7
Let s(y) be the third derivative of y**4/8 + 23*y**3/2 + 1913*y**2. Determine s(0).
69
Suppose 871*z + 28 = 876*z + s, 4*s = -4*z. Let a(i) = -i**3 + 7*i**2 + 10*i - 23. Calculate a(z).
47
Let s = 29 - 27. Suppose 0 = -z + 2*l + 2, -s = 5*l + 3. Suppose 5 = k + 2*g, g + 8 = -4*k - z*g. Let y(w) = w**2 + 5*w - 3. Give y(k).
-9
Suppose 0 = -5*q - 19 - 1. Let r(b) = 3*b**3 + 19*b**2 + 7*b + 2. Let x(s) = 4*s**3 + 26*s**2 + 8*s + 1. Let a(d) = 3*r(d) - 2*x(d). Determine a(q).
0
Let s(l) be the third derivative of l**4/6 - 14*l**3/3 + 2944*l**2. Give s(8).
4
Let q(g) = 1166*g - 1157*g + 34 + 18. What is q(-5)?
7
Let q(l) = 16*l - 877. Let o be q(55). Let c(z) = -z**3 + 2*z**2 + 2*z + 2. Calculate c(o).
-1
Let t = 41 - 58. Let c(n) = -857 + 853 + n**2 - 2*n**2 - 17*n. Calculate c(t).
-4
Let g(d) = 2*d + 2*d - 9 - 3*d. Let y = 7769 + -7764. Determine g(y).
-4
Let v(o) be the third derivative of -o**6/120 + 7*o**5/60 - o**4/8 + 3*o**3 + o**2 - 19*o + 19. Determine v(7).
-3
Let w(x) = -x + 13. Let l = 327 + -321. Suppose -u - 5*t + 10 = -l*t, 3*t + 50 = 5*u. Determine w(u).
3
Let j be (5 - -4) + 2*-1. Let u(p) be the second derivative of p**5/20 - p**4/2 - 4*p**3/3 + 2*p**2 - 4*p + 78. What is u(j)?
-3
Suppose 6 + 10 = 4*x + f, 3*f + 3 = 5*x. Suppose 7*d = 2*d + x*u - 32, 0 = 5*d + 4*u + 39. Let s(t) = t**3 + 7*t - 6*t**2 - 4 - 3*t**3 - 1 + t**3. Give s(d).
-5
Let k(a) = -162*a**2 - 2*a - 10. Let j(m) = 292*m**2 + 5*m + 19. Let x(c) = -5*j(c) - 9*k(c). Determine x(-4).
-9
Let q(y) = -y. Let k(b) = 45 - 9 + 6*b - 9 - 19. Let u(x) = -12*x - 17. Let t(f) = -13*k(f) - 6*u(f). Let l(m) = -5*q(m) + t(m). What is l(-8)?
6
Suppose -5*o - 2*y + 17 = 0, -9*o + 10*o = -4*y - 11. Let r(v) = v**3 - 8*v**2 + 12*v + 20. What is r(o)?
5
Let l(j) be the third derivative of -13*j**5/60 - j**3/6 + 7347*j**2 + 1. Let k(z) = 0*z - 4*z + 3*z - 1. Let s be k(-2). Give l(s).
-14
Let c be (-65)/(-25) + 4/10. Let z(a) = 0*a**c - 4 + 1 - 6*a**2 + a**3 - 3. Let l(j) = -j**3 + 11*j**2 - 17*j - 3. Let q be l(9). Determine z(q).
-6
Suppose 3*q - 15 = -6. Let c(h) = -3 - h**2 - h + 7*h + 3 + 8 + q*h. What is c(8)?
16
Let t(m) = -m**2 - 5*m + 5. Let o(k) = 8*k**2 + 7*k - 14. Let b be o(6). Let s = 320 - b. Give t(s).
-31
Let i(j) = -j**3 + 9*j**2 - 14*j + 6. Suppose 0 = 2*w - 3*k - 25, 21 + 18 = 3*w - 5*k. Determine i(w).
-42
Let z(v) = v**3 - 4*v**2 - 7*v + 11. Let l(f) = -3*f**2 - 21*f - 25. Let p be l(-5). Calculate z(p).
1
Let s be -2 + (-76)/12*(0 - 3). Let l(j) = -17540 + 17544 + s*j + j**2 - 3*j. Calculate l(-13).
-9
Let y(h) be the first derivative of h**6/120 - h**5/15 - 5*h**4/24 - h**3 + h**2 - 9*h + 56. Let s(l) be the second derivative of y(l). Determine s(5).
-6
Let s(d) = -4*d + 65. Suppose 2*y + 24 = 2*x, 2*x - 49*y + 46*y = 21. Determine s(x).
5
Let p(j) = -j**2 - 12*j - 2. Let x be p(-11). Let d(a) = 0*a**3 - a + 9*a**2 - 11*a**3 - 3*a**3 + 13*a**3 - 2. What is d(x)?
-11
Let n(d) be the second derivative of 19*d**3/6 - 141*d**2/2 - 4839*d. Determine n(8).
11
Let m = 3007 + -3004. Let y(r) = -23*r + 72. Give y(m).
3
Let j(c) = 12*c + 21. Let t be (-4)/(-30)*-3*1540/308. What is j(t)?
-3
Let r = -4364 - -4360. Let b(h) = -2*h**3 - 5*h**2 - 7*h - 6. What is b(r)?
70
Let q be (-1*(1 + -2))/(2/(-52)). Let g = q + 22. Let n(a) = 5*a + 5. What is n(g)?
-15
Suppose 3*p + 59 = -5*w, 0*w + 4*p - 73 = 5*w. Let h be -8 - w - 2/(-4)*0. Let d(o) = 10 + 2*o**3 + 0*o + 2*o**3 - 10*o + 8*o**2 - h*o**3. Give d(7).
-11
Let x(y) be the third derivative of -y**6/360 - y**5/24 + 3*y**4/8 + 17*y**3/2 + 47*y**2. Let k(s) be the first derivative of x(s). Calculate k(-6).
3
Suppose 2*c - 5*n = 33 - 871, -1271 = 3*c - 4*n. Let r = c - -416. Let f(p) = -p**2 - 12*p + 18. Calculate f(r).
5
Let v be (-2)/6 - (-3)/9. Let m be (-9)/(-27) + 13285/15. Let w(g) = m*g - 886*g + 20 + g**3 - g**2. What is w(v)?
20
Let k(q) = 2*q**2 + 10*q - 3. Let w = -3742 + 3735. Determine k(w).
25
Suppose 3 = -3*v + 4*v + 4*n, v = -2*n + 1. Let o(t) = 17*t - 1. Let l(r) = -25*r + 2. Let f(a) = -3*l(a) - 5*o(a). Give f(v).
9
Let m(t) = 14 + 14 - 36 - 3 - 7*t + 13. What is m(5)?
-33
Let b(r) be the first derivative of r**6/120 - r**5/15 - r**3/2 + 30*r**2 - 1. Let w(a) be the second derivative of b(a). Calculate w(3).
-12
Let f(z) = 6*z**2 - 66*z - 72. Let g(h) = h**3 + 5*h**2 + 45*h + 129. Let s be g(-3). Give f(s).
0
Suppose -19*h - 8 = -20*h. Let d(k) = -k**2 - 4*k - 14. Let m be d(-6). Let t be (-2)/h + m/(-8). Let l(j) = 5*j + 4. Give l(t).
19
Let f(y) = 2*y - y**2 + 4*y - 15*y - 2*y - 24. Let d(b) = 48*b + 87. Let t be d(-2). What is f(t)?
-6
Suppose 3 = p - 11. Suppose i + i = p. Let k(h) = -15*h - 1 - 3 + i*h + 9*h. Give k(4).
0
Let k(b) = 14*b + 8. Suppose 3*h = 5*l - 33, 3*l = h + 16 + 3. What is k(h)?
-6
Suppose -3*g + 11*g - 16 = 0. Let l(j) = 9*j - g*j - 10*j. Let s(a) = a + 8. Let c be s(-6). Give l(c).
-6
Let t(w) = w**2 - 7*w + 3. Let y = -4 - 1. Let f be 2*y/(-10)*15. Suppose o + f = 3*g, -4*g = -6*g + 4*o + 10. Calculate t(g).
-7
Let v(o) = 2*o - 5. Let n = -114 + 115. Suppose -2*t + 19 - n = 0. Determine v(t).
13
Let z(a) be the first derivative of 3*a**3 + 3*a**2 + 11*a - 433. Give z(-2).
35
Suppose 14*m = 11*m - 3*s + 12, -5*m = 3*s - 16. Let x(w) = 0*w**m + 7*w**2 - 4*w + 2 - 8*w**2. Give x(-4).
2
Let i(w) be the first derivative of -2*w**3/3 + w**2/2 - w + 2740. Let f = 58 + -54. What is i(f)